{"id":8022,"date":"2025-07-05T10:25:24","date_gmt":"2025-07-05T09:25:24","guid":{"rendered":"https:\/\/meraverktyg.se\/katalog\/?post_type=product&#038;p=8022"},"modified":"2025-07-05T10:37:57","modified_gmt":"2025-07-05T09:37:57","slug":"styrpinne-till-wm360v2","status":"publish","type":"product","link":"https:\/\/meraverktyg.se\/katalog\/product\/styrpinne-till-wm360v2\/","title":{"rendered":"Styrpinne till WM360v2"},"content":{"rendered":"\n<p>Detta \u00e4r de enda styrpinnarna som \u00e4r kompatibla med WM360 v2.<\/p>\n\n\n\n<p>Alla v\u00e5ra styrpinnar tillverkas p\u00e5 best\u00e4llning. Hela processen g\u00f6rs in-house f\u00f6r att garantera precision och kvalitet.<\/p>\n\n\n\n<p><\/p>\n","protected":false},"excerpt":{"rendered":"<p>Detta \u00e4r de enda styrpinnarna som \u00e4r kompatibla med WM360 v2. Alla v\u00e5ra styrpinnar tillverkas p\u00e5 best\u00e4llning. Hela processen g\u00f6rs in-house f\u00f6r att garantera precision och kvalitet.<\/p>\n","protected":false},"featured_media":8024,"comment_status":"open","ping_status":"closed","template":"","meta":[],"product_brand":[108],"product_cat":[64],"product_tag":[],"class_list":{"0":"post-8022","1":"product","2":"type-product","3":"status-publish","4":"has-post-thumbnail","6":"product_brand-wmtools","7":"product_cat-tillbehor","9":"first","10":"instock","11":"taxable","12":"shipping-taxable","13":"purchasable","14":"product-type-variable"},"aioseo_notices":[],"_links":{"self":[{"href":"https:\/\/meraverktyg.se\/katalog\/wp-json\/wp\/v2\/product\/8022","targetHints":{"allow":["GET"]}}],"collection":[{"href":"https:\/\/meraverktyg.se\/katalog\/wp-json\/wp\/v2\/product"}],"about":[{"href":"https:\/\/meraverktyg.se\/katalog\/wp-json\/wp\/v2\/types\/product"}],"replies":[{"embeddable":true,"href":"https:\/\/meraverktyg.se\/katalog\/wp-json\/wp\/v2\/comments?post=8022"}],"version-history":[{"count":1,"href":"https:\/\/meraverktyg.se\/katalog\/wp-json\/wp\/v2\/product\/8022\/revisions"}],"predecessor-version":[{"id":8035,"href":"https:\/\/meraverktyg.se\/katalog\/wp-json\/wp\/v2\/product\/8022\/revisions\/8035"}],"wp:featuredmedia":[{"embeddable":true,"href":"https:\/\/meraverktyg.se\/katalog\/wp-json\/wp\/v2\/media\/8024"}],"wp:attachment":[{"href":"https:\/\/meraverktyg.se\/katalog\/wp-json\/wp\/v2\/media?parent=8022"}],"wp:term":[{"taxonomy":"product_brand","embeddable":true,"href":"https:\/\/meraverktyg.se\/katalog\/wp-json\/wp\/v2\/product_brand?post=8022"},{"taxonomy":"product_cat","embeddable":true,"href":"https:\/\/meraverktyg.se\/katalog\/wp-json\/wp\/v2\/product_cat?post=8022"},{"taxonomy":"product_tag","embeddable":true,"href":"https:\/\/meraverktyg.se\/katalog\/wp-json\/wp\/v2\/product_tag?post=8022"}],"curies":[{"name":"wp","href":"https:\/\/api.w.org\/{rel}","templated":true}]}}